 -3. Let a be 58 + -1 + (f - -1). Suppose -3*x + 20 = -2*q, -6*x = -4*x - 3*q - 5. What is the highest common factor of a and x?
10
Let h be (-6)/(8/6 - 2). Suppose -5*x = 5*y - 20, -y - 4 = 3*x - 18. Let z be 5*(0 - (-6)/x). What is the highest common factor of z and h?
3
Let k(o) = -o**3 + 30*o**2 - 103*o + 40. Let z be k(26). Suppose 27 = c - a, 7*c + 5*a = 3*c + 63. Calculate the greatest common factor of z and c.
22
Suppose 90 = p + 13. Let z be (2990/50 - 1/(-5))*-2. Let a be -6*145/z - 2/8. Calculate the highest common factor of p and a.
7
Suppose 4*l - 2*m + 0*m = 10, l = -m + 4. Suppose -4*b - 2*y + 5 = -y, -5*b + 9 = 4*y. Calculate the highest common divisor of l and b.
1
Let d(x) = x**3 + 16*x**2 + 5. Let l be d(-16). Suppose h + 3*b + b = 2, 110 = 5*h - l*b. Calculate the greatest common divisor of h and 9.
9
Let y be ((-136)/(-102))/((-2)/(-1260)). What is the greatest common divisor of 15 and y?
15
Let c(j) = -j**3 - 2*j**2 + 2*j + 92. Let f be c(0). Suppose a - f = -6*g + g, 340 = 3*a - g. What is the highest common factor of a and 14?
14
Let r = -34 - -39. Suppose 5*z - r*f = -2*f + 55, 0 = -z + 5*f + 11. Calculate the greatest common factor of z and 33.
11
Let l(c) = 2*c - 12. Let k be l(11). Suppose 2*p - 16 = -6. Calculate the highest common factor of p and k.
5
Let z be 0 + 2 + (8 - 3). Suppose -2*a + 0*b - b - 22 = 0, -3*a + 5*b = z. Let n(x) = -3*x - 3. Let s be n(a). Calculate the highest common divisor of s and 8.
8
Let a be -32*(3 + (-10 - -5)) - 6. What is the greatest common factor of 638 and a?
58
Let x(k) = k**2 - 14*k + 14. Let f be x(13). Let g = 1 + f. Suppose -g*c = -159 - 83. What is the highest common divisor of c and 11?
11
Let t be (-3)/(-4)*-2*-66. Suppose 5*y = t + 131. What is the highest common factor of y and 115?
23
Suppose 4 = -2*o, 4*j + 0*j - 2*o = 724. What is the greatest common factor of j and 100?
20
Suppose m - 3 = -0. Let g be ((-69)/3 + 1)/(-2). Let i = 10 + g. What is the highest common factor of i and m?
3
Suppose 3*k - 1074 - 51 = 0. What is the highest common divisor of k and 50?
25
Suppose -3*m + 46 = 2*m - 3*f, 3*m + 5*f - 14 = 0. Let w = 52 - m. What is the greatest common divisor of 132 and w?
44
Let j be 4 + 3*608/6. Calculate the highest common divisor of 28 and j.
28
Suppose 4*q - 2*o - 50 = 0, 0 = -5*q + 3*q + 2*o + 24. Suppose -f - q*f = -336. Calculate the highest common factor of f and 4.
4
Suppose -3*r + 273 = -3*b, 2*r + 3*b = -2*r + 357. Calculate the greatest common factor of 45 and r.
45
Suppose 108*g - 31*g = 14168. What is the highest common factor of g and 8?
8
Let h(c) = -2*c**3 + 27*c**2 - 12*c - 11. Let r be h(13). Let z be (1 + -25)*(-3)/4. Calculate the greatest common factor of z and r.
2
Let r(p) = 21*p**2 - 3*p + 3. Let b be r(2). Let h = -11 - -20. Calculate the highest common divisor of b and h.
9
Let m = -25 - -27. Let d be ((-288)/20)/(m/(-10)). Let i = 3 + 5. Calculate the highest common factor of d and i.
8
Suppose -5*m - 12 + 5 = 3*k, k - 31 = 5*m. Let d be k/15 + 38/5 + 1. Suppose 3*t = 7*t - 324. Calculate the highest common factor of t and d.
9
Let h(l) = -2*l**3 + 4*l**2 - 2*l + 48. Let n be h(0). Calculate the greatest common divisor of 312 and n.
24
Suppose 6 = -3*a + 21. Suppose a*w - 11 = -1. Suppose -4*b = j - 31, w*b + j - 14 = -j. Calculate the greatest common divisor of b and 2.
2
Suppose 2*w + 4202 = 3*s, -5*w = -3*s - 2*s + 6995. Calculate the greatest common factor of s and 52.
52
Let z(v) = -11*v + 0*v + 4 + 9*v. Let s be z(-8). Let l be s/(-8)*(1 - 15). Calculate the highest common divisor of l and 245.
35
Let c be -1 - (-633)/12 - (-1)/4. Suppose 5*d = -20, -5*d = 5*p - c + 12. What is the highest common divisor of 60 and p?
12
Suppose -3*r = r - 2*o - 66, -2*o + 14 = r. Calculate the greatest common factor of r and 20.
4
Let d(s) = 1 - 2 - 1 + 2*s. Let b be (10*(-19)/(475/(-30)))/2. Let i be d(b). What is the greatest common divisor of i and 80?
10
Suppose 0 = 31*a - 1052 - 2637. What is the highest common divisor of 14 and a?
7
Let n(v) = -8*v**3 - v**2. Let x be n(-1). Let y(l) = -2*l**2 + 15*l + 5. Let f be y(x). What is the highest common factor of f and 36?
12
Suppose v - 3*y = -3 + 9, y - 46 = -5*v. Let x be v + 2 - 1 - 1. What is the greatest common factor of 6 and x?
3
Suppose -3*u + 118 = 19. Calculate the highest common factor of u and 3.
3
Suppose -4*y - 452 = -0*y. Let x = 66 - y. Suppose x = 5*f + 14. Calculate the greatest common factor of 3 and f.
3
Suppose 2*k - 4*n = 6*k - 32, k = -4*n + 14. Let o = 66 - 42. Calculate the greatest common divisor of k and o.
6
Suppose 0 = -2*x + 2*m + 112, 21*m + 12 = 18*m. What is the greatest common factor of x and 858?
26
Suppose -5*g + 4*q + q = -1400, 1360 = 5*g + 3*q. Let j be 2631/9 + (-1)/3. Suppose -g = -3*o + j. What is the greatest common factor of 27 and o?
27
Let s = 1 - -7. Let x be (10/s)/(15/60). Let q be 1 + -1 - (x - 32). Calculate the highest common factor of q and 27.
27
Let y(g) = -g**2 + 17*g + 8. Let o be y(16). Suppose 409 - 69 = 5*k + 4*v, 0 = -5*k + 3*v + 375. What is the highest common factor of k and o?
24
Let t = 29 - 28. Suppose 0 = -3*k - 4 + 13. Calculate the greatest common factor of t and k.
1
Let p(t) = 2*t + 8. Let l = -6 - -11. Suppose -3*j = 3 + 6, l*h = 4*j + 37. Let u be p(h). Calculate the highest common divisor of u and 2.
2
Let c(v) = 32*v - 123. Let m be c(5). What is the greatest common factor of m and 74?
37
Suppose 1203 = 33*m + 213. Calculate the greatest common factor of 36 and m.
6
Let u be (-1 - -4 - 3)/2. Suppose 0 = -3*j + 4*g + 215, -4*g + 25 - 9 = u. Calculate the highest common factor of j and 22.
11
Suppose -5*o - 5*q = 25, -o - 4*q - 9 = 11. Suppose 4*g - 3*w - 175 - 189 = 0, -5*w - 20 = o. Calculate the greatest common divisor of 22 and g.
22
Suppose -4*m + 144 = 4*t, -3*t + 2*t - 3*m + 26 = 0. Suppose 0 = -t*j + 36*j + 95. What is the greatest common divisor of j and 152?
19
Let c(h) = -h**3 - 4*h**2 + 4*h + 1. Let m be c(-5). Let j be m/(-4)*(-20)/15. Let a be j/3 - (-438)/18. What is the greatest common factor of 10 and a?
5
Let z(q) = -120*q - 1. Let m be z(-1). Let j be (-495)/(-22)*(-8)/(-10) + -1. Calculate the highest common divisor of j and m.
17
Let y be 0 + (-1)/4 + (-803)/(-44). Let h = 211 - 121. What is the greatest common divisor of y and h?
18
Suppose 2*r - 5*t = -r + 27, 3*r = -2*t + 48. What is the highest common divisor of r and 2?
2
Let n(h) = -105*h + 948. Let u be n(-6). Calculate the greatest common divisor of 6 and u.
6
Suppose 2*w + 157 = -0*j - 5*j, -2*j - 142 = 2*w. Let m = 90 + w. What is the greatest common divisor of m and 216?
24
Let t = -2 - -3. Let i(y) be the third derivative of -y**5/60 - y**4/8 + y**3/3 + 6*y**2. Let v be i(-3). Calculate the greatest common divisor of t and v.
1
Suppose i + 16 = 9*i. Let o be (1 + 21)/((-6)/((-6)/i)). What is the greatest common factor of 55 and o?
11
Suppose 313*f - 3614 = 300*f. What is the highest common factor of f and 2?
2
Suppose 49 = 4*u + g, g - 59 = -5*u + 2. Let h be 1/(40/u + -3). Suppose 4*y = 2*f + 40, 12 - 52 = -4*y - h*f. What is the highest common factor of y and 30?
10
Let k = -774 + 772. Let w(s) = 0*s**2 + 7*s**2 + 5*s**2. Let h be w(k). What is the highest common factor of h and 12?
12
Let k be (7/(126/(-12)))/(4/(-186)). Let x be k - 2/8*-2*0. What is the greatest common factor of 186 and x?
31
Suppose -66 = 5*m + 29. Let a = -16 - m. Calculate the highest common factor of a and 3.
3
Let z = -185 + 221. Let r = -1 + 5. What is the greatest common divisor of z and r?
4
Let b be 886/14 + (-4)/14. Suppose -10*l = -6*l - 80. Let g be (-34)/(-5) - (-4)/l. Calculate the highest common factor of g and b.
7
Suppose -3*k = -0*k - c - 29, -2*c = k - 12. Let h = k + -6. Calculate the highest common divisor of h and 10.
2
Let u(j) = -j**2 - 31*j + 12. Let h be u(-30). Suppose -4*r + 0*r = 2*m - 2, 0 = -4*m - 12. Suppose r*o - o = 6. What is the greatest common factor of h and o?
6
Suppose -208 = -4*x + 2*q + 28, -4*x + 4*q = -232. Let z be (9 + -1)*(17 - 11). What is the highest common factor of z and x?
12
Suppose -6*h - 529 + 2947 = 0. Calculate the greatest common factor of 31 and h.
31
Let s(y) = -4*y - 2*y + 15 + 16*y + 0*y**2 - y**2. Let d